{"id":2287,"date":"2019-11-20T17:57:59","date_gmt":"2019-11-20T17:57:59","guid":{"rendered":"http:\/\/www.inspireintegration.org\/?page_id=2287"},"modified":"2019-12-21T10:29:55","modified_gmt":"2019-12-21T10:29:55","slug":"burkina-faso","status":"publish","type":"page","link":"https:\/\/www.inspireintegration.org\/?page_id=2287","title":{"rendered":"Burkina Faso"},"content":{"rendered":"\n<div class=\"wp-block-image\"><figure class=\"aligncenter size-large\"><img loading=\"lazy\" decoding=\"async\" width=\"945\" height=\"631\" src=\"https:\/\/www.inspireintegration.org\/wp-content\/uploads\/2019\/12\/CS_BF.jpg\" alt=\"\" class=\"wp-image-2302\" srcset=\"https:\/\/www.inspireintegration.org\/wp-content\/uploads\/2019\/12\/CS_BF.jpg 945w, https:\/\/www.inspireintegration.org\/wp-content\/uploads\/2019\/12\/CS_BF-300x200.jpg 300w, https:\/\/www.inspireintegration.org\/wp-content\/uploads\/2019\/12\/CS_BF-768x513.jpg 768w\" sizes=\"auto, (max-width: 945px) 100vw, 945px\" \/><figcaption><strong>Centre de Sant\u00e9 de PO au Burkina Faso<\/strong><\/figcaption><\/figure><\/div>\n\n\n\n<p class=\"has-text-align-center has-medium-font-size\"><strong>Les indicateurs Sanitaires du Burkina Faso en 2018<\/strong><\/p>\n\n\n\n<ul class=\"wp-block-list\"><li><strong>Pr\u00e9valence Contraceptive (Toutes les m\u00e9thodes Femmes en Unions)&nbsp;: 23,5 %<\/strong><\/li><li><strong>Besoins non satisfaits chez les femmes en union&nbsp;: 39,2 %<\/strong><\/li><li><strong>Pr\u00e9valence malnutrition chronique s\u00e9v\u00e8re&nbsp;: 6,8 %<\/strong><\/li><li><strong>Pr\u00e9valence malnutrition chronique globale&nbsp;: 21,6 %<\/strong><\/li><li><strong>Ratio de mortalit\u00e9 maternelle (Nombre de d\u00e9c\u00e8s sur 100&nbsp;000 naissances vivantes)&nbsp;: 614<\/strong><\/li><li><strong>Taux de mortalit\u00e9 n\u00e9onatale&nbsp;:&nbsp;33 %<\/strong><\/li><li><strong>Taux de mortalit\u00e9 infantile&nbsp;: 27 %<\/strong><\/li><li><strong>Allaitement maternel exclusif (enfants moins de 6 mois)&nbsp;: 23,5%<\/strong><\/li><li><strong>Proportion de femmes enceintes an\u00e9mi\u00e9es&nbsp;: 63,6%<\/strong><\/li><li><strong>Proportion de femmes allaitantes an\u00e9mi\u00e9es&nbsp;: 54,9 %<\/strong><\/li><\/ul>\n\n\n\n<p style=\"font-size:14px\" class=\"has-text-color has-text-align-right has-very-dark-gray-color\"><a><strong><em>Source <\/em><\/strong>: Rapport d\u2019\u00e9valuation des besoins pour l\u2019int\u00e9gration des soins de sant\u00e9 PFPP-SMNI-Nutrition au Burkina Faso; 2018<\/a><\/p>\n","protected":false},"excerpt":{"rendered":"<p>Les indicateurs Sanitaires du Burkina Faso en 2018 Pr\u00e9valence Contraceptive (Toutes les m\u00e9thodes Femmes en Unions)&nbsp;: 23,5 % Besoins non satisfaits chez les femmes en union&nbsp;: 39,2 % Pr\u00e9valence malnutrition chronique s\u00e9v\u00e8re&nbsp;: 6,8 % Pr\u00e9valence malnutrition chronique globale&nbsp;: 21,6 % Ratio de mortalit\u00e9 maternelle (Nombre de d\u00e9c\u00e8s sur 100&nbsp;000 naissances vivantes)&nbsp;: 614 Taux de mortalit\u00e9 [&hellip;]<\/p>\n","protected":false},"author":1,"featured_media":0,"parent":0,"menu_order":0,"comment_status":"closed","ping_status":"closed","template":"","meta":{"_bbp_topic_count":0,"_bbp_reply_count":0,"_bbp_total_topic_count":0,"_bbp_total_reply_count":0,"_bbp_voice_count":0,"_bbp_anonymous_reply_count":0,"_bbp_topic_count_hidden":0,"_bbp_reply_count_hidden":0,"_bbp_forum_subforum_count":0,"footnotes":""},"class_list":["post-2287","page","type-page","status-publish","hentry"],"_links":{"self":[{"href":"https:\/\/www.inspireintegration.org\/index.php?rest_route=\/wp\/v2\/pages\/2287","targetHints":{"allow":["GET"]}}],"collection":[{"href":"https:\/\/www.inspireintegration.org\/index.php?rest_route=\/wp\/v2\/pages"}],"about":[{"href":"https:\/\/www.inspireintegration.org\/index.php?rest_route=\/wp\/v2\/types\/page"}],"author":[{"embeddable":true,"href":"https:\/\/www.inspireintegration.org\/index.php?rest_route=\/wp\/v2\/users\/1"}],"replies":[{"embeddable":true,"href":"https:\/\/www.inspireintegration.org\/index.php?rest_route=%2Fwp%2Fv2%2Fcomments&post=2287"}],"version-history":[{"count":5,"href":"https:\/\/www.inspireintegration.org\/index.php?rest_route=\/wp\/v2\/pages\/2287\/revisions"}],"predecessor-version":[{"id":2342,"href":"https:\/\/www.inspireintegration.org\/index.php?rest_route=\/wp\/v2\/pages\/2287\/revisions\/2342"}],"wp:attachment":[{"href":"https:\/\/www.inspireintegration.org\/index.php?rest_route=%2Fwp%2Fv2%2Fmedia&parent=2287"}],"curies":[{"name":"wp","href":"https:\/\/api.w.org\/{rel}","templated":true}]}}